{"id":220,"date":"2013-12-19T12:25:12","date_gmt":"2013-12-19T10:25:12","guid":{"rendered":"http:\/\/seltmann-naturfoto.de\/cms\/?page_id=220"},"modified":"2014-01-05T21:45:19","modified_gmt":"2014-01-05T19:45:19","slug":"home","status":"publish","type":"page","link":"http:\/\/seltmann-naturfoto.de\/cms\/","title":{"rendered":"Home"},"content":{"rendered":"<h3 style=\"text-align: center;\">Fotografieren ist wie schreiben mit Licht,<br \/>\nwie musizieren mit Farbt\u00f6nen,<br \/>\nwie malen mit Zeit und sehen mit Liebe.<\/h3>\n<h3 style=\"text-align: center;\">Almut Adler, Fotografin<\/h3>\n<p>&nbsp;<\/p>\n<p style=\"text-align: center;\"><div tabindex=\"0\" class=\"cycloneslider cycloneslider-template-standard cycloneslider-width-responsive\" id=\"cycloneslider-start-1\" style=\"max-width:960px\" > <div class=\"cycloneslider-slides cycle-slideshow\" data-cycle-allow-wrap=\"true\" data-cycle-dynamic-height=\"off\" data-cycle-auto-height=\"960:600\" data-cycle-auto-height-easing=\"null\" data-cycle-auto-height-speed=\"250\" data-cycle-delay=\"0\" data-cycle-easing=\"\" data-cycle-fx=\"fade\" data-cycle-hide-non-active=\"true\" data-cycle-log=\"false\" data-cycle-next=\"#cycloneslider-start-1 .cycloneslider-next\" data-cycle-pager=\"#cycloneslider-start-1 .cycloneslider-pager\" data-cycle-pause-on-hover=\"true\" data-cycle-prev=\"#cycloneslider-start-1 .cycloneslider-prev\" data-cycle-slides=\"&gt; div\" data-cycle-speed=\"2000\" data-cycle-swipe=\"1\" data-cycle-tile-count=\"7\" data-cycle-tile-delay=\"100\" data-cycle-tile-vertical=\"true\" data-cycle-timeout=\"3000\" > <div class=\"cycloneslider-slide cycloneslider-slide-image\" > <img decoding=\"async\" src=\"http:\/\/seltmann-naturfoto.de\/cms\/wp-content\/uploads\/2014\/01\/0_21_IMG_0765_Rose_2006-960x600.jpg\" alt=\"\" title=\"\" \/> <\/div> <div class=\"cycloneslider-slide cycloneslider-slide-image\" > <img decoding=\"async\" src=\"http:\/\/seltmann-naturfoto.de\/cms\/wp-content\/uploads\/2014\/01\/2012-Cinqueterra_IMG_3020_B-960x600.jpg\" alt=\"\" title=\"\" \/> <\/div> <div class=\"cycloneslider-slide cycloneslider-slide-image\" > <img decoding=\"async\" src=\"http:\/\/seltmann-naturfoto.de\/cms\/wp-content\/uploads\/2014\/01\/2013-08_Helbigsdorf-4808-960x600.jpg\" alt=\"\" title=\"\" \/> <\/div> <div class=\"cycloneslider-slide cycloneslider-slide-image\" > <img decoding=\"async\" src=\"http:\/\/seltmann-naturfoto.de\/cms\/wp-content\/uploads\/2014\/01\/2013-08_Moritzburg-4539-960x600.jpg\" alt=\"\" title=\"\" \/> <\/div> <div class=\"cycloneslider-slide cycloneslider-slide-image\" > <img decoding=\"async\" src=\"http:\/\/seltmann-naturfoto.de\/cms\/wp-content\/uploads\/2014\/01\/2013-11_Regenbaum-1690-960x600.jpg\" alt=\"\" title=\"\" \/> <\/div> <div class=\"cycloneslider-slide cycloneslider-slide-image\" > <img decoding=\"async\" src=\"http:\/\/seltmann-naturfoto.de\/cms\/wp-content\/uploads\/2014\/01\/IMG_0140_Rheinfall_2012-960x600.jpg\" alt=\"\" title=\"\" \/> <\/div> <div class=\"cycloneslider-slide cycloneslider-slide-image\" > <img decoding=\"async\" src=\"http:\/\/seltmann-naturfoto.de\/cms\/wp-content\/uploads\/2014\/01\/IMG_1933_Seidenakazie_2008-960x600.jpg\" alt=\"\" title=\"\" \/> <\/div> <div class=\"cycloneslider-slide cycloneslider-slide-image\" > <img decoding=\"async\" src=\"http:\/\/seltmann-naturfoto.de\/cms\/wp-content\/uploads\/2014\/01\/IMG_4218_Forggensee-960x600.jpg\" alt=\"\" title=\"\" \/> <\/div> <div class=\"cycloneslider-slide cycloneslider-slide-image\" > <img decoding=\"async\" src=\"http:\/\/seltmann-naturfoto.de\/cms\/wp-content\/uploads\/2014\/01\/IMG_5858_Reichenbach_2006-960x600.jpg\" alt=\"\" title=\"\" \/> <\/div> <div class=\"cycloneslider-slide cycloneslider-slide-image\" > <img decoding=\"async\" src=\"http:\/\/seltmann-naturfoto.de\/cms\/wp-content\/uploads\/2014\/01\/Rabenstein-2_Rothirsch-1724-2-960x600.jpg\" alt=\"\" title=\"\" \/> <\/div> <div class=\"cycloneslider-slide cycloneslider-slide-image\" > <img decoding=\"async\" src=\"http:\/\/seltmann-naturfoto.de\/cms\/wp-content\/uploads\/2014\/01\/Toskana-2012-4090-960x600.jpg\" alt=\"\" title=\"\" \/> <\/div> <div class=\"cycloneslider-slide cycloneslider-slide-image\" > <img decoding=\"async\" src=\"http:\/\/seltmann-naturfoto.de\/cms\/wp-content\/uploads\/2014\/01\/Vogelhaus-3_Star-Vers5-8342-960x600.jpg\" alt=\"\" title=\"\" \/> <\/div> <\/div> <a href=\"#\" class=\"cycloneslider-prev\"> <span class=\"arrow\"><\/span> <\/a> <a href=\"#\" class=\"cycloneslider-next\"> <span class=\"arrow\"><\/span> <\/a> <\/div><\/p>\n<p>Fotografieren ist ein wundersch\u00f6nes Hobby. Man sieht die Welt mit anderen Augen, viel intensiver und differenzierter, Dinge, die andere so nicht wahrnehmen. Sehen Sie meine Sicht auf die Natur &#8211; Tiere im besonderen, aber auch Pflanzen, Strukturen, Farben, Jahreszeiten, Landschaften, Schl\u00f6sser, Bauten und Burgen .<\/p>\n<p>Die intensive Besch\u00e4ftigung mit meinen Objekten, das breitere Wissen zu den Bildern, m\u00f6chte ich in Form von Informationen auf den Gru\u00dfkarten gern weitergeben. So kann f\u00fcr Sie eine sch\u00f6n illustrierte Wissenssammlung entstehen.<\/p>\n<p style=\"text-align: center;\"><img loading=\"lazy\" decoding=\"async\" class=\" wp-image-403 aligncenter\" style=\"border: 0px none;\" alt=\"WissensEule-Slogan_180x180_weiss\" src=\"http:\/\/seltmann-naturfoto.de\/cms\/wp-content\/uploads\/2013\/12\/WissensEule-Slogan_180x180_weiss.png\" width=\"400\" height=\"587\" data-id=\"403\" srcset=\"http:\/\/seltmann-naturfoto.de\/cms\/wp-content\/uploads\/2013\/12\/WissensEule-Slogan_180x180_weiss.png 400w, http:\/\/seltmann-naturfoto.de\/cms\/wp-content\/uploads\/2013\/12\/WissensEule-Slogan_180x180_weiss-204x300.png 204w\" sizes=\"(max-width: 400px) 100vw, 400px\" \/><\/p>\n","protected":false},"excerpt":{"rendered":"<p>Fotografieren ist wie schreiben mit Licht, wie musizieren mit Farbt\u00f6nen, wie malen mit Zeit und sehen mit Liebe. Almut Adler, Fotografin &nbsp; Fotografieren ist ein wundersch\u00f6nes Hobby. Man sieht die Welt mit anderen Augen, viel intensiver und differenzierter, Dinge, die andere so nicht wahrnehmen. Sehen Sie meine Sicht auf die Natur &#8211; Tiere im besonderen, [&hellip;]<\/p>\n","protected":false},"author":1,"featured_media":0,"parent":0,"menu_order":0,"comment_status":"closed","ping_status":"closed","template":"","meta":{"ngg_post_thumbnail":0,"footnotes":""},"_links":{"self":[{"href":"http:\/\/seltmann-naturfoto.de\/cms\/wp-json\/wp\/v2\/pages\/220"}],"collection":[{"href":"http:\/\/seltmann-naturfoto.de\/cms\/wp-json\/wp\/v2\/pages"}],"about":[{"href":"http:\/\/seltmann-naturfoto.de\/cms\/wp-json\/wp\/v2\/types\/page"}],"author":[{"embeddable":true,"href":"http:\/\/seltmann-naturfoto.de\/cms\/wp-json\/wp\/v2\/users\/1"}],"replies":[{"embeddable":true,"href":"http:\/\/seltmann-naturfoto.de\/cms\/wp-json\/wp\/v2\/comments?post=220"}],"version-history":[{"count":32,"href":"http:\/\/seltmann-naturfoto.de\/cms\/wp-json\/wp\/v2\/pages\/220\/revisions"}],"predecessor-version":[{"id":411,"href":"http:\/\/seltmann-naturfoto.de\/cms\/wp-json\/wp\/v2\/pages\/220\/revisions\/411"}],"wp:attachment":[{"href":"http:\/\/seltmann-naturfoto.de\/cms\/wp-json\/wp\/v2\/media?parent=220"}],"curies":[{"name":"wp","href":"https:\/\/api.w.org\/{rel}","templated":true}]}}

<h3 style="text-align: center;">Fotografieren ist wie schreiben mit Licht,<br />
wie musizieren mit Farbtönen,<br />
wie malen mit Zeit und sehen mit Liebe.</h3>
<h3 style="text-align: center;">Almut Adler, Fotografin</h3>
<p>&nbsp;</p>
<p style="text-align: center;"><div tabindex="0" class="cycloneslider cycloneslider-template-standard cycloneslider-width-responsive" id="cycloneslider-start-1" style="max-width:960px" > <div class="cycloneslider-slides cycle-slideshow" data-cycle-allow-wrap="true" data-cycle-dynamic-height="off" data-cycle-auto-height="960:600" data-cycle-auto-height-easing="null" data-cycle-auto-height-speed="250" data-cycle-delay="0" data-cycle-easing="" data-cycle-fx="fade" data-cycle-hide-non-active="true" data-cycle-log="false" data-cycle-next="#cycloneslider-start-1 .cycloneslider-next" data-cycle-pager="#cycloneslider-start-1 .cycloneslider-pager" data-cycle-pause-on-hover="true" data-cycle-prev="#cycloneslider-start-1 .cycloneslider-prev" data-cycle-slides="&gt; div" data-cycle-speed="2000" data-cycle-swipe="1" data-cycle-tile-count="7" data-cycle-tile-delay="100" data-cycle-tile-vertical="true" data-cycle-timeout="3000" > <div class="cycloneslider-slide cycloneslider-slide-image" > <img decoding="async" src="http://seltmann-naturfoto.de/cms/wp-content/uploads/2014/01/0_21_IMG_0765_Rose_2006-960x600.jpg" alt="" title="" /> </div> <div class="cycloneslider-slide cycloneslider-slide-image" > <img decoding="async" src="http://seltmann-naturfoto.de/cms/wp-content/uploads/2014/01/2012-Cinqueterra_IMG_3020_B-960x600.jpg" alt="" title="" /> </div> <div class="cycloneslider-slide cycloneslider-slide-image" > <img decoding="async" src="http://seltmann-naturfoto.de/cms/wp-content/uploads/2014/01/2013-08_Helbigsdorf-4808-960x600.jpg" alt="" title="" /> </div> <div class="cycloneslider-slide cycloneslider-slide-image" > <img decoding="async" src="http://seltmann-naturfoto.de/cms/wp-content/uploads/2014/01/2013-08_Moritzburg-4539-960x600.jpg" alt="" title="" /> </div> <div class="cycloneslider-slide cycloneslider-slide-image" > <img decoding="async" src="http://seltmann-naturfoto.de/cms/wp-content/uploads/2014/01/2013-11_Regenbaum-1690-960x600.jpg" alt="" title="" /> </div> <div class="cycloneslider-slide cycloneslider-slide-image" > <img decoding="async" src="http://seltmann-naturfoto.de/cms/wp-content/uploads/2014/01/IMG_0140_Rheinfall_2012-960x600.jpg" alt="" title="" /> </div> <div class="cycloneslider-slide cycloneslider-slide-image" > <img decoding="async" src="http://seltmann-naturfoto.de/cms/wp-content/uploads/2014/01/IMG_1933_Seidenakazie_2008-960x600.jpg" alt="" title="" /> </div> <div class="cycloneslider-slide cycloneslider-slide-image" > <img decoding="async" src="http://seltmann-naturfoto.de/cms/wp-content/uploads/2014/01/IMG_4218_Forggensee-960x600.jpg" alt="" title="" /> </div> <div class="cycloneslider-slide cycloneslider-slide-image" > <img decoding="async" src="http://seltmann-naturfoto.de/cms/wp-content/uploads/2014/01/IMG_5858_Reichenbach_2006-960x600.jpg" alt="" title="" /> </div> <div class="cycloneslider-slide cycloneslider-slide-image" > <img decoding="async" src="http://seltmann-naturfoto.de/cms/wp-content/uploads/2014/01/Rabenstein-2_Rothirsch-1724-2-960x600.jpg" alt="" title="" /> </div> <div class="cycloneslider-slide cycloneslider-slide-image" > <img decoding="async" src="http://seltmann-naturfoto.de/cms/wp-content/uploads/2014/01/Toskana-2012-4090-960x600.jpg" alt="" title="" /> </div> <div class="cycloneslider-slide cycloneslider-slide-image" > <img decoding="async" src="http://seltmann-naturfoto.de/cms/wp-content/uploads/2014/01/Vogelhaus-3_Star-Vers5-8342-960x600.jpg" alt="" title="" /> </div> </div> <a href="#" class="cycloneslider-prev"> <span class="arrow"></span> </a> <a href="#" class="cycloneslider-next"> <span class="arrow"></span> </a> </div></p>
<p>Fotografieren ist ein wunderschönes Hobby. Man sieht die Welt mit anderen Augen, viel intensiver und differenzierter, Dinge, die andere so nicht wahrnehmen. Sehen Sie meine Sicht auf die Natur &#8211; Tiere im besonderen, aber auch Pflanzen, Strukturen, Farben, Jahreszeiten, Landschaften, Schlösser, Bauten und Burgen .</p>
<p>Die intensive Beschäftigung mit meinen Objekten, das breitere Wissen zu den Bildern, möchte ich in Form von Informationen auf den Grußkarten gern weitergeben. So kann für Sie eine schön illustrierte Wissenssammlung entstehen.</p>
<p style="text-align: center;"><img loading="lazy" decoding="async" class=" wp-image-403 aligncenter" style="border: 0px none;" alt="WissensEule-Slogan_180x180_weiss" src="http://seltmann-naturfoto.de/cms/wp-content/uploads/2013/12/WissensEule-Slogan_180x180_weiss.png" width="400" height="587" data-id="403" srcset="http://seltmann-naturfoto.de/cms/wp-content/uploads/2013/12/WissensEule-Slogan_180x180_weiss.png 400w, http://seltmann-naturfoto.de/cms/wp-content/uploads/2013/12/WissensEule-Slogan_180x180_weiss-204x300.png 204w" sizes="(max-width: 400px) 100vw, 400px" /></p>

<p>Fotografieren ist wie schreiben mit Licht, wie musizieren mit Farbtönen, wie malen mit Zeit und sehen mit Liebe. Almut Adler, Fotografin &nbsp; Fotografieren ist ein wunderschönes Hobby. Man sieht die Welt mit anderen Augen, viel intensiver und differenzierter, Dinge, die andere so nicht wahrnehmen. Sehen Sie meine Sicht auf die Natur &#8211; Tiere im besonderen, [&hellip;]</p>
